{"id":341,"date":"2014-09-28T11:07:20","date_gmt":"2014-09-28T10:07:20","guid":{"rendered":"https:\/\/dorit-linke.de\/?page_id=341"},"modified":"2022-10-28T18:35:22","modified_gmt":"2022-10-28T17:35:22","slug":"multimedial","status":"publish","type":"page","link":"https:\/\/dorit-linke.de\/en\/multimedial\/","title":{"rendered":"multimediales"},"content":{"rendered":"<p><\/p>\n\n\n\n<h2 class=\"has-background wp-block-heading\" style=\"background-color:#beedc1\"><strong>\u00d6stliche und westliche Perspektiven auf Kulturelle Bildung<\/strong><\/h2>\n\n\n\n<p class=\"has-white-background-color has-background has-medium-font-size\">Podiumsdiskussion im November 2020 in der Akademie der Kulturellen Bildung in Remscheid.  &#8220;Gibt es Unterschiede in der Kulturellen Bildung zwischen Ost und West? Begegnen sich fachliche Perspektiven auf Augenh\u00f6he? Und was kann Kulturelle Bildung tun, um m\u00f6gliche Distanzen zu \u00fcberbr\u00fccken und f\u00fcr Kinder und Jugendliche gesellschaftliche Gemeinsamkeiten herauszustellen?&#8221; (WDR, 2020) <\/p>\n\n\n\n<figure class=\"wp-block-audio\"><audio controls src=\"https:\/\/dorit-linke.de\/wp-content\/uploads\/2020\/12\/wdr3forum_2020-12-20_perspektivenostundwestaufkulturellebildung_wdr3.mp3\"><\/audio><\/figure>\n\n\n\n<p class=\"has-white-color has-white-background-color has-text-color has-background\">.<\/p>\n\n\n\n<p class=\"has-background has-medium-font-size\" style=\"background-color:#beedc1\"><strong>\u201eQUERGELESEN\u201c ist ein Podcast des Medienforums des Bistums Essen. Lesungen und spannende Diskussionen mit Autorinnen und Autoren, die im Medienforum zu Gast sind, werden in sieben Folgen dieses Podcasts zum Nachh\u00f6ren zusammengefasst.&nbsp;<\/strong> <\/p>\n\n\n\n<p class=\"has-white-background-color has-background has-medium-font-size\">Am 30. September 2020 war ich zu Gast und sprach mit Vera Steinkamp, der Leiterin des Medienforums \u00fcber meine Arbeit als Zeitzeugin und Autorin und \u00fcber die Bedeutung von Geschichtsvermittlung.\n\n<\/p>\n\n\n\n<figure class=\"wp-block-audio\"><audio controls src=\"https:\/\/dorit-linke.de\/wp-content\/uploads\/2020\/12\/Dorit-Linke-Podcast-Deutsche-Einheit.mp3\"><\/audio><\/figure>\n\n\n\n<p class=\"has-white-color has-text-color\">..<br>.<\/p>\n\n\n\n<p><\/p>\n\n\n\n<p class=\"has-background has-medium-font-size\" style=\"background-color:#beedc1\"><strong>Schreiben \u00fcber die DDR. Ein Werkstattgespr\u00e4ch zu Romanprojekten &#8211;  Schweigen, Gewalt und Wegschauen in der DDR als ein Motor der rassistischen \u00dcbergriffe in Rostock-Lichtenhagen 1992.&#8221;  <\/strong><\/p>\n\n\n\n<figure class=\"wp-block-audio\"><audio controls src=\"https:\/\/dorit-linke.de\/wp-content\/uploads\/2020\/05\/RVL-Sitzung-03-Gespr\u00e4ch-mit-Dorit-Linke.mp3\"><\/audio><figcaption><strong>Podcast &#8220;Schreiben \u00fcber die DDR&#8221; Dorit Linke <\/strong><\/figcaption><\/figure>\n\n\n\n<p class=\"has-white-background-color has-background has-medium-font-size\">Maren Conrad, Juniorprofessorin f\u00fcr Neuere deutsche Literatur, und ich sprachen \u00fcber die Bedeutung von Geschichtsvermittlung an Schulen, \u00fcber die DDR und \u00fcber Rostock-Lichtenhagen.<\/p>\n\n\n\n<p class=\"has-background has-medium-font-size\" style=\"background-color:#beedc1\"><span style=\"line-height: 1.5em;\"><b><strong>30 Jahre Mauerfall: Die Friedliche Revolution<\/strong><\/b><\/span><strong> <br>Eva Murer vom australischen SBS Radio hat anl\u00e4sslich des 30. Jubil\u00e4ums des Mauerfalls auf der Frankfurter Buchmesse \u00fcber die Friedlichen Revolution der DDR und die heutige Situation in Ostdeutschland gesprochen.<\/strong><b><strong> <\/strong><\/b><\/p>\n\n\n\n<figure class=\"wp-block-audio\"><audio controls src=\"https:\/\/dorit-linke.de\/wp-content\/uploads\/2019\/11\/german_59f5ea1a-6fba-4c05-ad7a-4dea19a538c2-1.mp3\"><\/audio><\/figure>\n\n\n\n<p class=\"has-background has-medium-font-size\" style=\"background-color:#beedc1\"><strong>Ein Buchtrailer zu &#8220;Fett Kohle&#8221;, gedreht mit der Klasse 6c des Scholl-Gymnasium Ulm im Rahmen der Kinderbuchmesse KiBuM 2018.<\/strong><\/p>\n\n\n\n<figure class=\"wp-block-embed is-type-video is-provider-youtube wp-block-embed-youtube wp-embed-aspect-16-9 wp-has-aspect-ratio\"><div class=\"wp-block-embed__wrapper\">\n<iframe loading=\"lazy\" title=\"Fett Kohle - Trailer zum Buch\" width=\"1140\" height=\"641\" src=\"https:\/\/www.youtube.com\/embed\/F7l_H9RTI9M?feature=oembed\" frameborder=\"0\" allow=\"accelerometer; autoplay; clipboard-write; encrypted-media; gyroscope; picture-in-picture\" allowfullscreen><\/iframe>\n<\/div><\/figure>\n\n\n\n<p class=\"has-white-color has-text-color\">.<br>..<\/p>\n\n\n\n<h2 class=\"has-background has-medium-font-size wp-block-heading\" style=\"background-color:#beedc1\"><span style=\"line-height: 1.5em;\"><strong>MDR &#8211; Figaro<br>Buchvorstellung &#8220;Jenseits der blauen Grenze&#8221; von&nbsp;Ulrike Lykke Langer<\/strong><\/span><\/h2>\n\n\n\n<figure class=\"wp-block-embed is-type-rich is-provider-handler-einbetten wp-block-embed-handler-einbetten\"><div class=\"wp-block-embed__wrapper\">\n<audio class=\"wp-audio-shortcode\" id=\"audio-341-1\" preload=\"none\" style=\"width: 100%;\" controls=\"controls\"><source type=\"audio\/mpeg\" src=\"https:\/\/dorit-linke.de\/wp-content\/uploads\/2015\/05\/Buchvorstellung-Jenseits-der-blauen-Grenze-MDR-Figaro-20.5.15.mp3?_=1\" \/><a href=\"https:\/\/dorit-linke.de\/wp-content\/uploads\/2015\/05\/Buchvorstellung-Jenseits-der-blauen-Grenze-MDR-Figaro-20.5.15.mp3\">https:\/\/dorit-linke.de\/wp-content\/uploads\/2015\/05\/Buchvorstellung-Jenseits-der-blauen-Grenze-MDR-Figaro-20.5.15.mp3<\/a><\/audio>\n<\/div><\/figure>\n\n\n\n<p class=\"has-white-color has-text-color\">..<br>.<\/p>\n\n\n\n<p class=\"has-background has-medium-font-size\" style=\"background-color:#beedc1\"><span style=\"line-height: 1.5em;\"><strong>Deutschlandfunk &#8211;&nbsp;Das Aufwachsen in der DDR<br><\/strong><\/span><strong>Interview mit mawil,&nbsp;dem Autor von&nbsp;&#8220;Kinderland&#8221; und Dorit Linke, der Autorin von &#8220;Jenseits der blauen Grenze&#8221;,&nbsp;moderiert von Ute Wegmann<\/strong><\/p>\n\n\n\n<figure class=\"wp-block-audio\"><audio controls src=\"https:\/\/dorit-linke.de\/wp-content\/uploads\/2014\/09\/Mawil-und-Dorit-Linke.mp3\"><\/audio><\/figure>\n\n\n\n<p class=\"has-white-background-color has-background\">und hier zum Nachlesen:<a rel=\"noopener noreferrer\" href=\"http:\/\/www.deutschlandfunk.de\/ddr-jugend-aufbruch-im-osten.1202.de.html?dram:article_id=308591\" target=\"_blank\">&nbsp;DDR-Jugend, Aufbruch im Osten<\/a><\/p>\n\n\n\n<p class=\"has-white-color has-text-color\">&#8230;<\/p>\n\n\n\n<p class=\"has-background has-medium-font-size\" style=\"background-color:#beedc1\"><strong>Deutschlandfunk &#8211; Die besten 7 B\u00fccher f\u00fcr junge Leser im Januar 2015<br>&#8220;Jenseits der blauen Grenze&#8221; ist mit dabei!<br>Hier k\u00f6nnen&nbsp;Sie die Sendung anh\u00f6ren:<\/strong><\/p>\n\n\n\n<figure class=\"wp-block-audio\"><audio controls src=\"https:\/\/dorit-linke.de\/wp-content\/uploads\/2014\/09\/Die-besten-7-B\u00fccher-im-Januar.mp3\"><\/audio><\/figure>\n\n\n\n<p class=\"has-white-color has-text-color\">..<br>.<\/p>\n\n\n\n<p class=\"has-background\" style=\"background-color:#beedc1\"><strong>Interview&nbsp;zum 25. Jahrestages des Mauerfalls<br>Hier k\u00f6nnen&nbsp;Sie das Interview, das Stephanie Gebert in der Radionacht des Deutschlandfunk mit Dorit Linke f\u00fchrte, anh\u00f6ren:<\/strong><\/p>\n\n\n\n<figure class=\"wp-block-audio\"><audio controls src=\"https:\/\/dorit-linke.de\/wp-content\/uploads\/2014\/11\/Interview-Dorit-Linke-Deutschlandfunk-Radionacht.mp3\"><\/audio><\/figure>\n\n\n\n<p class=\"has-white-color has-text-color\">..<br>.<\/p>\n\n\n\n<p class=\"has-background\" style=\"background-color:#beedc1\"><strong>Lesungsauschnitt und Interview, Literaturhaus Ros<strong>tock<\/strong><br><\/strong><a rel=\"noopener noreferrer\" href=\"http:\/\/www.lohro.de\/lohro-literatur-update-5-10\/\" target=\"_blank\"><span style=\"color: #0000ff;\">LOHRO<\/span><\/a><\/p>\n\n\n\n<p>&nbsp;<\/p>\n\n\n\n<p><\/p>\n\n\n\n<p><\/p>\n\n\n\n<p class=\"has-background has-medium-font-size\" style=\"background-color:#beedc1\"><strong><\/p>","protected":false},"excerpt":{"rendered":"<p>\u00d6stliche und westliche Perspektiven auf Kulturelle Bildung Podiumsdiskussion im November 2020 in der Akademie der Kulturellen Bildung in Remscheid. &#8220;Gibt&hellip;<\/p>\n","protected":false},"author":1,"featured_media":0,"parent":0,"menu_order":5,"comment_status":"closed","ping_status":"closed","template":"","meta":{"_monsterinsights_skip_tracking":false,"_monsterinsights_sitenote_active":false,"_monsterinsights_sitenote_note":"","_monsterinsights_sitenote_category":0,"footnotes":""},"class_list":["post-341","page","type-page","status-publish","hentry"],"_links":{"self":[{"href":"https:\/\/dorit-linke.de\/en\/wp-json\/wp\/v2\/pages\/341","targetHints":{"allow":["GET"]}}],"collection":[{"href":"https:\/\/dorit-linke.de\/en\/wp-json\/wp\/v2\/pages"}],"about":[{"href":"https:\/\/dorit-linke.de\/en\/wp-json\/wp\/v2\/types\/page"}],"author":[{"embeddable":true,"href":"https:\/\/dorit-linke.de\/en\/wp-json\/wp\/v2\/users\/1"}],"replies":[{"embeddable":true,"href":"https:\/\/dorit-linke.de\/en\/wp-json\/wp\/v2\/comments?post=341"}],"version-history":[{"count":117,"href":"https:\/\/dorit-linke.de\/en\/wp-json\/wp\/v2\/pages\/341\/revisions"}],"predecessor-version":[{"id":6442,"href":"https:\/\/dorit-linke.de\/en\/wp-json\/wp\/v2\/pages\/341\/revisions\/6442"}],"wp:attachment":[{"href":"https:\/\/dorit-linke.de\/en\/wp-json\/wp\/v2\/media?parent=341"}],"curies":[{"name":"wp","href":"https:\/\/api.w.org\/{rel}","templated":true}]}}

<p></p>



<h2 class="has-background wp-block-heading" style="background-color:#beedc1"><strong>Östliche und westliche Perspektiven auf Kulturelle Bildung</strong></h2>



<p class="has-white-background-color has-background has-medium-font-size">Podiumsdiskussion im November 2020 in der Akademie der Kulturellen Bildung in Remscheid.  &#8220;Gibt es Unterschiede in der Kulturellen Bildung zwischen Ost und West? Begegnen sich fachliche Perspektiven auf Augenhöhe? Und was kann Kulturelle Bildung tun, um mögliche Distanzen zu überbrücken und für Kinder und Jugendliche gesellschaftliche Gemeinsamkeiten herauszustellen?&#8221; (WDR, 2020) </p>



<figure class="wp-block-audio"><audio controls src="https://dorit-linke.de/wp-content/uploads/2020/12/wdr3forum_2020-12-20_perspektivenostundwestaufkulturellebildung_wdr3.mp3"></audio></figure>



<p class="has-white-color has-white-background-color has-text-color has-background">.</p>



<p class="has-background has-medium-font-size" style="background-color:#beedc1"><strong>„QUERGELESEN“ ist ein Podcast des Medienforums des Bistums Essen. Lesungen und spannende Diskussionen mit Autorinnen und Autoren, die im Medienforum zu Gast sind, werden in sieben Folgen dieses Podcasts zum Nachhören zusammengefasst.&nbsp;</strong> </p>



<p class="has-white-background-color has-background has-medium-font-size">Am 30. September 2020 war ich zu Gast und sprach mit Vera Steinkamp, der Leiterin des Medienforums über meine Arbeit als Zeitzeugin und Autorin und über die Bedeutung von Geschichtsvermittlung.

</p>



<figure class="wp-block-audio"><audio controls src="https://dorit-linke.de/wp-content/uploads/2020/12/Dorit-Linke-Podcast-Deutsche-Einheit.mp3"></audio></figure>



<p class="has-white-color has-text-color">..<br>.</p>



<p></p>



<p class="has-background has-medium-font-size" style="background-color:#beedc1"><strong>Schreiben über die DDR. Ein Werkstattgespräch zu Romanprojekten &#8211;  Schweigen, Gewalt und Wegschauen in der DDR als ein Motor der rassistischen Übergriffe in Rostock-Lichtenhagen 1992.&#8221;  </strong></p>



<figure class="wp-block-audio"><audio controls src="https://dorit-linke.de/wp-content/uploads/2020/05/RVL-Sitzung-03-Gespräch-mit-Dorit-Linke.mp3"></audio><figcaption><strong>Podcast &#8220;Schreiben über die DDR&#8221; Dorit Linke </strong></figcaption></figure>



<p class="has-white-background-color has-background has-medium-font-size">Maren Conrad, Juniorprofessorin für Neuere deutsche Literatur, und ich sprachen über die Bedeutung von Geschichtsvermittlung an Schulen, über die DDR und über Rostock-Lichtenhagen.</p>



<p class="has-background has-medium-font-size" style="background-color:#beedc1"><span style="line-height: 1.5em;"><b><strong>30 Jahre Mauerfall: Die Friedliche Revolution</strong></b></span><strong> <br>Eva Murer vom australischen SBS Radio hat anlässlich des 30. Jubiläums des Mauerfalls auf der Frankfurter Buchmesse über die Friedlichen Revolution der DDR und die heutige Situation in Ostdeutschland gesprochen.</strong><b><strong> </strong></b></p>



<figure class="wp-block-audio"><audio controls src="https://dorit-linke.de/wp-content/uploads/2019/11/german_59f5ea1a-6fba-4c05-ad7a-4dea19a538c2-1.mp3"></audio></figure>



<p class="has-background has-medium-font-size" style="background-color:#beedc1"><strong>Ein Buchtrailer zu &#8220;Fett Kohle&#8221;, gedreht mit der Klasse 6c des Scholl-Gymnasium Ulm im Rahmen der Kinderbuchmesse KiBuM 2018.</strong></p>



<figure class="wp-block-embed is-type-video is-provider-youtube wp-block-embed-youtube wp-embed-aspect-16-9 wp-has-aspect-ratio"><div class="wp-block-embed__wrapper">
<iframe loading="lazy" title="Fett Kohle - Trailer zum Buch" width="1140" height="641" src="https://www.youtube.com/embed/F7l_H9RTI9M?feature=oembed" frameborder="0" allow="accelerometer; autoplay; clipboard-write; encrypted-media; gyroscope; picture-in-picture" allowfullscreen></iframe>
</div></figure>



<p class="has-white-color has-text-color">.<br>..</p>



<h2 class="has-background has-medium-font-size wp-block-heading" style="background-color:#beedc1"><span style="line-height: 1.5em;"><strong>MDR &#8211; Figaro<br>Buchvorstellung &#8220;Jenseits der blauen Grenze&#8221; von&nbsp;Ulrike Lykke Langer</strong></span></h2>



<figure class="wp-block-embed is-type-rich is-provider-handler-einbetten wp-block-embed-handler-einbetten"><div class="wp-block-embed__wrapper">
<audio class="wp-audio-shortcode" id="audio-341-1" preload="none" style="width: 100%;" controls="controls"><source type="audio/mpeg" src="https://dorit-linke.de/wp-content/uploads/2015/05/Buchvorstellung-Jenseits-der-blauen-Grenze-MDR-Figaro-20.5.15.mp3?_=1" /><a href="https://dorit-linke.de/wp-content/uploads/2015/05/Buchvorstellung-Jenseits-der-blauen-Grenze-MDR-Figaro-20.5.15.mp3">https://dorit-linke.de/wp-content/uploads/2015/05/Buchvorstellung-Jenseits-der-blauen-Grenze-MDR-Figaro-20.5.15.mp3</a></audio>
</div></figure>



<p class="has-white-color has-text-color">..<br>.</p>



<p class="has-background has-medium-font-size" style="background-color:#beedc1"><span style="line-height: 1.5em;"><strong>Deutschlandfunk &#8211;&nbsp;Das Aufwachsen in der DDR<br></strong></span><strong>Interview mit mawil,&nbsp;dem Autor von&nbsp;&#8220;Kinderland&#8221; und Dorit Linke, der Autorin von &#8220;Jenseits der blauen Grenze&#8221;,&nbsp;moderiert von Ute Wegmann</strong></p>



<figure class="wp-block-audio"><audio controls src="https://dorit-linke.de/wp-content/uploads/2014/09/Mawil-und-Dorit-Linke.mp3"></audio></figure>



<p class="has-white-background-color has-background">und hier zum Nachlesen:<a rel="noopener noreferrer" href="http://www.deutschlandfunk.de/ddr-jugend-aufbruch-im-osten.1202.de.html?dram:article_id=308591" target="_blank">&nbsp;DDR-Jugend, Aufbruch im Osten</a></p>



<p class="has-white-color has-text-color">&#8230;</p>



<p class="has-background has-medium-font-size" style="background-color:#beedc1"><strong>Deutschlandfunk &#8211; Die besten 7 Bücher für junge Leser im Januar 2015<br>&#8220;Jenseits der blauen Grenze&#8221; ist mit dabei!<br>Hier können&nbsp;Sie die Sendung anhören:</strong></p>



<figure class="wp-block-audio"><audio controls src="https://dorit-linke.de/wp-content/uploads/2014/09/Die-besten-7-Bücher-im-Januar.mp3"></audio></figure>



<p class="has-white-color has-text-color">..<br>.</p>



<p class="has-background" style="background-color:#beedc1"><strong>Interview&nbsp;zum 25. Jahrestages des Mauerfalls<br>Hier können&nbsp;Sie das Interview, das Stephanie Gebert in der Radionacht des Deutschlandfunk mit Dorit Linke führte, anhören:</strong></p>



<figure class="wp-block-audio"><audio controls src="https://dorit-linke.de/wp-content/uploads/2014/11/Interview-Dorit-Linke-Deutschlandfunk-Radionacht.mp3"></audio></figure>



<p class="has-white-color has-text-color">..<br>.</p>



<p class="has-background" style="background-color:#beedc1"><strong>Lesungsauschnitt und Interview, Literaturhaus Ros<strong>tock</strong><br></strong><a rel="noopener noreferrer" href="http://www.lohro.de/lohro-literatur-update-5-10/" target="_blank"><span style="color: #0000ff;">LOHRO</span></a></p>



<p>&nbsp;</p>



<p></p>



<p></p>



<p class="has-background has-medium-font-size" style="background-color:#beedc1"><strong></p>

<p>Östliche und westliche Perspektiven auf Kulturelle Bildung Podiumsdiskussion im November 2020 in der Akademie der Kulturellen Bildung in Remscheid. &#8220;Gibt&hellip;</p>
