{"id":7313,"date":"2024-11-08T15:05:03","date_gmt":"2024-11-08T14:05:03","guid":{"rendered":"https:\/\/dorit-linke.de\/?page_id=7313"},"modified":"2024-12-15T17:41:51","modified_gmt":"2024-12-15T16:41:51","slug":"pressestimmen-2","status":"publish","type":"page","link":"https:\/\/dorit-linke.de\/en\/pressestimmen-2\/","title":{"rendered":"Pressestimmen"},"content":{"rendered":"\n<div class=\"wp-block-media-text is-stacked-on-mobile\" style=\"grid-template-columns:15% auto\"><figure class=\"wp-block-media-text__media\"><img loading=\"lazy\" decoding=\"async\" width=\"652\" height=\"1024\" src=\"https:\/\/dorit-linke.de\/wp-content\/uploads\/2024\/12\/Cover-Mats-und-Rea-652x1024.jpg\" alt=\"\" class=\"wp-image-7509 size-full\" srcset=\"https:\/\/dorit-linke.de\/wp-content\/uploads\/2024\/12\/Cover-Mats-und-Rea-652x1024.jpg 652w, https:\/\/dorit-linke.de\/wp-content\/uploads\/2024\/12\/Cover-Mats-und-Rea-191x300.jpg 191w, https:\/\/dorit-linke.de\/wp-content\/uploads\/2024\/12\/Cover-Mats-und-Rea-768x1206.jpg 768w, https:\/\/dorit-linke.de\/wp-content\/uploads\/2024\/12\/Cover-Mats-und-Rea-978x1536.jpg 978w, https:\/\/dorit-linke.de\/wp-content\/uploads\/2024\/12\/Cover-Mats-und-Rea-1305x2048.jpg 1305w, https:\/\/dorit-linke.de\/wp-content\/uploads\/2024\/12\/Cover-Mats-und-Rea-scaled.jpg 1631w\" sizes=\"auto, (max-width: 652px) 100vw, 652px\" \/><\/figure><div class=\"wp-block-media-text__content\">\n<p><strong>Mats und Rea drehen am Rad der Geschichte<\/strong><\/p>\n\n\n\n<p>Die Berliner Autorin Dorit Linke ist in Rostock aufgewachsen und damit nat\u00fcrlich in der DDR \u2013 und genau das macht sie mit gro\u00dfem Erfolg zum Thema ihrer vielfach pr\u00e4mierten Kinder- und Jugendb\u00fccher. Nach der aktuellen Verfilmung ihres Jugendromans \u201eJenseits der blauen Grenze\u201c widmet Linke sich nun einer ganzen DDR-Kinderbuchreihe, und gleich in Band 1 wird es spannend: Mats und Rea werden aus dem Jahr 2024 in eine Telefonzelle im Jahr 1985 zur\u00fcckkatapultiert \u2013 und m\u00fcssen sich nun erstmal in diesem seltsamen, untergegangenen Land zurechtfinden. Doch dann ger\u00e4t alles in Aufruhr: In Th\u00fcringen schrillt der Alarm, und dann ist da noch Peggy, die so seltsam verloren wirkt \u2026 Linkes ungek\u00fcnstelte, sich nie anbiedernde Sprache begleitet die kurzweiligen Abenteuer ihrer kindlichen Helden auf so am\u00fcsante Art, dass dabei gar nicht auff\u00e4llt, wieviel Wissen sie zugleich \u00fcber die DDR vermittelt. Ein lange \u00fcberf\u00e4lliges Werk, das gekonnt den Bogen in die Vergangenheit schl\u00e4gt, die Wendezeit in den Blick nimmt und dabei nie in die Falle der Ostalgie tappt. Sehr gelungen! <em>Karen-Susan Fessel, Schriftstellerin, Journalistin, Lektorin und Dozentin <\/em><\/p>\n<\/div><\/div>\n\n\n\n<div class=\"wp-block-media-text is-stacked-on-mobile\" style=\"grid-template-columns:15% auto\"><figure class=\"wp-block-media-text__media\"><img loading=\"lazy\" decoding=\"async\" width=\"652\" height=\"1024\" src=\"https:\/\/dorit-linke.de\/wp-content\/uploads\/2024\/12\/Cover-Mats-und-Rea-652x1024.jpg\" alt=\"\" class=\"wp-image-7509 size-full\" srcset=\"https:\/\/dorit-linke.de\/wp-content\/uploads\/2024\/12\/Cover-Mats-und-Rea-652x1024.jpg 652w, https:\/\/dorit-linke.de\/wp-content\/uploads\/2024\/12\/Cover-Mats-und-Rea-191x300.jpg 191w, https:\/\/dorit-linke.de\/wp-content\/uploads\/2024\/12\/Cover-Mats-und-Rea-768x1206.jpg 768w, https:\/\/dorit-linke.de\/wp-content\/uploads\/2024\/12\/Cover-Mats-und-Rea-978x1536.jpg 978w, https:\/\/dorit-linke.de\/wp-content\/uploads\/2024\/12\/Cover-Mats-und-Rea-1305x2048.jpg 1305w, https:\/\/dorit-linke.de\/wp-content\/uploads\/2024\/12\/Cover-Mats-und-Rea-scaled.jpg 1631w\" sizes=\"auto, (max-width: 652px) 100vw, 652px\" \/><\/figure><div class=\"wp-block-media-text__content\">\n<p><strong>Mats und Rea drehen am Rad der Geschichte<\/strong><\/p>\n\n\n\n<p>Was Dorit Linke meisterhaft versteht, ist ihr Wissen \u00fcber die DDR, \u00fcber das politische System und die Mentalit\u00e4tsgeschichte dieser Zeit auf ernsthaft und zugleich unterhaltsame Art zu vermitteln. \u00c4hnlich wie Erich K\u00e4stner kinderrecht und gleichzeitig tiefgehend, humorvoll und intelligent. Eine Zeitreise in die DDR? Was f\u00fcr eine geniale Idee. Ich bin &#8220;im Westen&#8221; geboren, in West-Berlin, sehr nah an Ostberlin und trotzdem war ich erstaunt, was ich alles lernen konnte. Verstanden habe. Und im gleichem Ma\u00dfe hatte ich Spa\u00df, dieses Buch zu lesen, diese humorvoll erz\u00e4hlte, rasante Geschichte, mit ihren extrem liebenswerten Charakteren. <em>Kartrin Bongard. Red Bug Books<\/em><\/p>\n<\/div><\/div>\n\n\n\n<div class=\"wp-block-media-text is-stacked-on-mobile\" style=\"grid-template-columns:15% auto\"><figure class=\"wp-block-media-text__media\"><img loading=\"lazy\" decoding=\"async\" width=\"652\" height=\"1024\" src=\"https:\/\/dorit-linke.de\/wp-content\/uploads\/2024\/12\/Cover-Mats-und-Rea-652x1024.jpg\" alt=\"\" class=\"wp-image-7509 size-full\" srcset=\"https:\/\/dorit-linke.de\/wp-content\/uploads\/2024\/12\/Cover-Mats-und-Rea-652x1024.jpg 652w, https:\/\/dorit-linke.de\/wp-content\/uploads\/2024\/12\/Cover-Mats-und-Rea-191x300.jpg 191w, https:\/\/dorit-linke.de\/wp-content\/uploads\/2024\/12\/Cover-Mats-und-Rea-768x1206.jpg 768w, https:\/\/dorit-linke.de\/wp-content\/uploads\/2024\/12\/Cover-Mats-und-Rea-978x1536.jpg 978w, https:\/\/dorit-linke.de\/wp-content\/uploads\/2024\/12\/Cover-Mats-und-Rea-1305x2048.jpg 1305w, https:\/\/dorit-linke.de\/wp-content\/uploads\/2024\/12\/Cover-Mats-und-Rea-scaled.jpg 1631w\" sizes=\"auto, (max-width: 652px) 100vw, 652px\" \/><\/figure><div class=\"wp-block-media-text__content\">\n<p><strong>Mats und Rea drehen am Rad der Geschichte<\/strong><\/p>\n\n\n\n<p>\u201eAuch dieser Teil der Deutschen Geschichte sollte nicht verharmlost werden und unsere Kinder m\u00fcssen wissen, dass das Leben in einer Diktatur nicht erstrebenswert sein darf.\u201c&nbsp;<em>Dagmar M\u00e4gdefrau<\/em>,&nbsp;<em>Verein zur F\u00f6rderung der Kinder- und Jugendliteratur e.V.<\/em><\/p>\n<\/div><\/div>\n\n\n\n<div class=\"wp-block-media-text is-stacked-on-mobile\" style=\"grid-template-columns:15% auto\"><figure class=\"wp-block-media-text__media\"><img decoding=\"async\" src=\"https:\/\/matsundreabooks.de\/wp-content\/uploads\/2024\/11\/Cover-Wir-sehen-uns-im-Westen-657x1024.jpg\" alt=\"\" class=\"wp-image-113 size-full\"\/><\/figure><div class=\"wp-block-media-text__content\">\n<p><strong>Wir sehen uns im Westen<\/strong><\/p>\n\n\n\n<p>\u201e\u2026 und es gelingt ihr, Zeitgeschichte authentisch und ungemein lebendig an ihre jungen Leserinnen und Leser zu vermitteln.\u201c <em>Hilde Elisabeth Menzel, S\u00fcddeutsche Zeitung<\/em><\/p>\n<\/div><\/div>\n\n\n\n<div class=\"wp-block-media-text is-stacked-on-mobile\" style=\"grid-template-columns:15% auto\"><figure class=\"wp-block-media-text__media\"><img decoding=\"async\" src=\"https:\/\/matsundreabooks.de\/wp-content\/uploads\/2024\/11\/SCAN0033-671x1024.jpg\" alt=\"\" class=\"wp-image-109 size-full\"\/><\/figure><div class=\"wp-block-media-text__content\">\n<p><strong>Jenseits der blauen Grenze<\/strong><\/p>\n\n\n\n<p>\u201eDer beste DDR-Roman seit langem f\u00fcr junge (und erwachsene) Leser.\u201d<br><em>Universit\u00e4t Bremen, Kinder-und Jugendmedien<\/em><\/p>\n\n\n\n<p>\u201eSchwimmen ist Wahnsinn, aber was ist das Leben in der DDR? Dorit Linkes&nbsp;<em>Jenseits der blauen Grenze<\/em>&nbsp;ist ein verzweifeltes Abenteuer, ein Portr\u00e4t einer siechenden Gesellschaft im Sommer 1989.\u201c <em>3sat Kulturzeit<\/em><\/p>\n\n\n\n<p>\u201e<em>Jenseits der blauen Grenze<\/em>&nbsp;besitzt&nbsp;eine gro\u00dfe Glaubw\u00fcrdigkeit, weil die Autorin erkennbar von Erlebnissen und Eindr\u00fccken schreibt, die aus ihrem eigenen Leben stammen.\u201c <em>Carmen Seehafer, Alliteratus<\/em><\/p>\n\n\n\n<p>\u201eIn einer Gradwanderung zwischen Authentizit\u00e4t und literarischem K\u00f6nnen wei\u00df dieses Deb\u00fct seine Leser rundum zu faszinieren.\u201c <em>Katrin R\u00fcger<\/em><\/p>\n<\/div><\/div>\n\n\n\n<div class=\"wp-block-media-text is-stacked-on-mobile\" style=\"grid-template-columns:15% auto\"><figure class=\"wp-block-media-text__media\"><img decoding=\"async\" src=\"https:\/\/matsundreabooks.de\/wp-content\/uploads\/2024\/11\/Fett-Kohle-Dorit-Linke-673x1024.jpg\" alt=\"\" class=\"wp-image-106 size-full\"\/><\/figure><div class=\"wp-block-media-text__content\">\n<p><strong>Fett Kohle<\/strong><\/p>\n\n\n\n<p>\u201eDorit Linke hat mit ihrem zweiten Roman nicht nur einen spannenden Kinderkrimi geschrieben, sondern tritt auch in die Fu\u00dfstapfen Erich K\u00e4stners. Genau beobachtend und sprachlich so witzig wie authentisch, zeichnet sie ganz nebenbei das Bild eines sozialen Milieus, in dem Armut und Lethargie herrschen.\u201c <em>Kathrin K\u00f6ller,&nbsp;Eselsohr<\/em><\/p>\n\n\n\n<p>\u201eEmil und die Detektive von heute \u2013 mit Ecken, Kanten und viel Charme!\u201c <em>Jury Leipziger Lesekompass 2016<\/em><\/p>\n<\/div><\/div>\n","protected":false},"excerpt":{"rendered":"<p>Mats und Rea drehen am Rad der Geschichte Die Berliner Autorin Dorit Linke ist in Rostock aufgewachsen und damit nat\u00fcrlich&hellip;<\/p>\n","protected":false},"author":1,"featured_media":0,"parent":0,"menu_order":0,"comment_status":"closed","ping_status":"closed","template":"","meta":{"_monsterinsights_skip_tracking":false,"_monsterinsights_sitenote_active":false,"_monsterinsights_sitenote_note":"","_monsterinsights_sitenote_category":0,"footnotes":""},"class_list":["post-7313","page","type-page","status-publish","hentry"],"_links":{"self":[{"href":"https:\/\/dorit-linke.de\/en\/wp-json\/wp\/v2\/pages\/7313","targetHints":{"allow":["GET"]}}],"collection":[{"href":"https:\/\/dorit-linke.de\/en\/wp-json\/wp\/v2\/pages"}],"about":[{"href":"https:\/\/dorit-linke.de\/en\/wp-json\/wp\/v2\/types\/page"}],"author":[{"embeddable":true,"href":"https:\/\/dorit-linke.de\/en\/wp-json\/wp\/v2\/users\/1"}],"replies":[{"embeddable":true,"href":"https:\/\/dorit-linke.de\/en\/wp-json\/wp\/v2\/comments?post=7313"}],"version-history":[{"count":8,"href":"https:\/\/dorit-linke.de\/en\/wp-json\/wp\/v2\/pages\/7313\/revisions"}],"predecessor-version":[{"id":7540,"href":"https:\/\/dorit-linke.de\/en\/wp-json\/wp\/v2\/pages\/7313\/revisions\/7540"}],"wp:attachment":[{"href":"https:\/\/dorit-linke.de\/en\/wp-json\/wp\/v2\/media?parent=7313"}],"curies":[{"name":"wp","href":"https:\/\/api.w.org\/{rel}","templated":true}]}}

<div class="wp-block-media-text is-stacked-on-mobile" style="grid-template-columns:15% auto"><figure class="wp-block-media-text__media"><img loading="lazy" decoding="async" width="652" height="1024" src="https://dorit-linke.de/wp-content/uploads/2024/12/Cover-Mats-und-Rea-652x1024.jpg" alt="" class="wp-image-7509 size-full" srcset="https://dorit-linke.de/wp-content/uploads/2024/12/Cover-Mats-und-Rea-652x1024.jpg 652w, https://dorit-linke.de/wp-content/uploads/2024/12/Cover-Mats-und-Rea-191x300.jpg 191w, https://dorit-linke.de/wp-content/uploads/2024/12/Cover-Mats-und-Rea-768x1206.jpg 768w, https://dorit-linke.de/wp-content/uploads/2024/12/Cover-Mats-und-Rea-978x1536.jpg 978w, https://dorit-linke.de/wp-content/uploads/2024/12/Cover-Mats-und-Rea-1305x2048.jpg 1305w, https://dorit-linke.de/wp-content/uploads/2024/12/Cover-Mats-und-Rea-scaled.jpg 1631w" sizes="auto, (max-width: 652px) 100vw, 652px" /></figure><div class="wp-block-media-text__content">
<p><strong>Mats und Rea drehen am Rad der Geschichte</strong></p>



<p>Die Berliner Autorin Dorit Linke ist in Rostock aufgewachsen und damit natürlich in der DDR – und genau das macht sie mit großem Erfolg zum Thema ihrer vielfach prämierten Kinder- und Jugendbücher. Nach der aktuellen Verfilmung ihres Jugendromans „Jenseits der blauen Grenze“ widmet Linke sich nun einer ganzen DDR-Kinderbuchreihe, und gleich in Band 1 wird es spannend: Mats und Rea werden aus dem Jahr 2024 in eine Telefonzelle im Jahr 1985 zurückkatapultiert – und müssen sich nun erstmal in diesem seltsamen, untergegangenen Land zurechtfinden. Doch dann gerät alles in Aufruhr: In Thüringen schrillt der Alarm, und dann ist da noch Peggy, die so seltsam verloren wirkt … Linkes ungekünstelte, sich nie anbiedernde Sprache begleitet die kurzweiligen Abenteuer ihrer kindlichen Helden auf so amüsante Art, dass dabei gar nicht auffällt, wieviel Wissen sie zugleich über die DDR vermittelt. Ein lange überfälliges Werk, das gekonnt den Bogen in die Vergangenheit schlägt, die Wendezeit in den Blick nimmt und dabei nie in die Falle der Ostalgie tappt. Sehr gelungen! <em>Karen-Susan Fessel, Schriftstellerin, Journalistin, Lektorin und Dozentin </em></p>
</div></div>



<div class="wp-block-media-text is-stacked-on-mobile" style="grid-template-columns:15% auto"><figure class="wp-block-media-text__media"><img loading="lazy" decoding="async" width="652" height="1024" src="https://dorit-linke.de/wp-content/uploads/2024/12/Cover-Mats-und-Rea-652x1024.jpg" alt="" class="wp-image-7509 size-full" srcset="https://dorit-linke.de/wp-content/uploads/2024/12/Cover-Mats-und-Rea-652x1024.jpg 652w, https://dorit-linke.de/wp-content/uploads/2024/12/Cover-Mats-und-Rea-191x300.jpg 191w, https://dorit-linke.de/wp-content/uploads/2024/12/Cover-Mats-und-Rea-768x1206.jpg 768w, https://dorit-linke.de/wp-content/uploads/2024/12/Cover-Mats-und-Rea-978x1536.jpg 978w, https://dorit-linke.de/wp-content/uploads/2024/12/Cover-Mats-und-Rea-1305x2048.jpg 1305w, https://dorit-linke.de/wp-content/uploads/2024/12/Cover-Mats-und-Rea-scaled.jpg 1631w" sizes="auto, (max-width: 652px) 100vw, 652px" /></figure><div class="wp-block-media-text__content">
<p><strong>Mats und Rea drehen am Rad der Geschichte</strong></p>



<p>Was Dorit Linke meisterhaft versteht, ist ihr Wissen über die DDR, über das politische System und die Mentalitätsgeschichte dieser Zeit auf ernsthaft und zugleich unterhaltsame Art zu vermitteln. Ähnlich wie Erich Kästner kinderrecht und gleichzeitig tiefgehend, humorvoll und intelligent. Eine Zeitreise in die DDR? Was für eine geniale Idee. Ich bin &#8220;im Westen&#8221; geboren, in West-Berlin, sehr nah an Ostberlin und trotzdem war ich erstaunt, was ich alles lernen konnte. Verstanden habe. Und im gleichem Maße hatte ich Spaß, dieses Buch zu lesen, diese humorvoll erzählte, rasante Geschichte, mit ihren extrem liebenswerten Charakteren. <em>Kartrin Bongard. Red Bug Books</em></p>
</div></div>



<div class="wp-block-media-text is-stacked-on-mobile" style="grid-template-columns:15% auto"><figure class="wp-block-media-text__media"><img loading="lazy" decoding="async" width="652" height="1024" src="https://dorit-linke.de/wp-content/uploads/2024/12/Cover-Mats-und-Rea-652x1024.jpg" alt="" class="wp-image-7509 size-full" srcset="https://dorit-linke.de/wp-content/uploads/2024/12/Cover-Mats-und-Rea-652x1024.jpg 652w, https://dorit-linke.de/wp-content/uploads/2024/12/Cover-Mats-und-Rea-191x300.jpg 191w, https://dorit-linke.de/wp-content/uploads/2024/12/Cover-Mats-und-Rea-768x1206.jpg 768w, https://dorit-linke.de/wp-content/uploads/2024/12/Cover-Mats-und-Rea-978x1536.jpg 978w, https://dorit-linke.de/wp-content/uploads/2024/12/Cover-Mats-und-Rea-1305x2048.jpg 1305w, https://dorit-linke.de/wp-content/uploads/2024/12/Cover-Mats-und-Rea-scaled.jpg 1631w" sizes="auto, (max-width: 652px) 100vw, 652px" /></figure><div class="wp-block-media-text__content">
<p><strong>Mats und Rea drehen am Rad der Geschichte</strong></p>



<p>„Auch dieser Teil der Deutschen Geschichte sollte nicht verharmlost werden und unsere Kinder müssen wissen, dass das Leben in einer Diktatur nicht erstrebenswert sein darf.“&nbsp;<em>Dagmar Mägdefrau</em>,&nbsp;<em>Verein zur Förderung der Kinder- und Jugendliteratur e.V.</em></p>
</div></div>



<div class="wp-block-media-text is-stacked-on-mobile" style="grid-template-columns:15% auto"><figure class="wp-block-media-text__media"><img decoding="async" src="https://matsundreabooks.de/wp-content/uploads/2024/11/Cover-Wir-sehen-uns-im-Westen-657x1024.jpg" alt="" class="wp-image-113 size-full"/></figure><div class="wp-block-media-text__content">
<p><strong>Wir sehen uns im Westen</strong></p>



<p>„… und es gelingt ihr, Zeitgeschichte authentisch und ungemein lebendig an ihre jungen Leserinnen und Leser zu vermitteln.“ <em>Hilde Elisabeth Menzel, Süddeutsche Zeitung</em></p>
</div></div>



<div class="wp-block-media-text is-stacked-on-mobile" style="grid-template-columns:15% auto"><figure class="wp-block-media-text__media"><img decoding="async" src="https://matsundreabooks.de/wp-content/uploads/2024/11/SCAN0033-671x1024.jpg" alt="" class="wp-image-109 size-full"/></figure><div class="wp-block-media-text__content">
<p><strong>Jenseits der blauen Grenze</strong></p>



<p>„Der beste DDR-Roman seit langem für junge (und erwachsene) Leser.”<br><em>Universität Bremen, Kinder-und Jugendmedien</em></p>



<p>„Schwimmen ist Wahnsinn, aber was ist das Leben in der DDR? Dorit Linkes&nbsp;<em>Jenseits der blauen Grenze</em>&nbsp;ist ein verzweifeltes Abenteuer, ein Porträt einer siechenden Gesellschaft im Sommer 1989.“ <em>3sat Kulturzeit</em></p>



<p>„<em>Jenseits der blauen Grenze</em>&nbsp;besitzt&nbsp;eine große Glaubwürdigkeit, weil die Autorin erkennbar von Erlebnissen und Eindrücken schreibt, die aus ihrem eigenen Leben stammen.“ <em>Carmen Seehafer, Alliteratus</em></p>



<p>„In einer Gradwanderung zwischen Authentizität und literarischem Können weiß dieses Debüt seine Leser rundum zu faszinieren.“ <em>Katrin Rüger</em></p>
</div></div>



<div class="wp-block-media-text is-stacked-on-mobile" style="grid-template-columns:15% auto"><figure class="wp-block-media-text__media"><img decoding="async" src="https://matsundreabooks.de/wp-content/uploads/2024/11/Fett-Kohle-Dorit-Linke-673x1024.jpg" alt="" class="wp-image-106 size-full"/></figure><div class="wp-block-media-text__content">
<p><strong>Fett Kohle</strong></p>



<p>„Dorit Linke hat mit ihrem zweiten Roman nicht nur einen spannenden Kinderkrimi geschrieben, sondern tritt auch in die Fußstapfen Erich Kästners. Genau beobachtend und sprachlich so witzig wie authentisch, zeichnet sie ganz nebenbei das Bild eines sozialen Milieus, in dem Armut und Lethargie herrschen.“ <em>Kathrin Köller,&nbsp;Eselsohr</em></p>



<p>„Emil und die Detektive von heute – mit Ecken, Kanten und viel Charme!“ <em>Jury Leipziger Lesekompass 2016</em></p>
</div></div>

<p>Mats und Rea drehen am Rad der Geschichte Die Berliner Autorin Dorit Linke ist in Rostock aufgewachsen und damit natürlich&hellip;</p>
